{"id":66,"date":"2026-01-20T17:08:23","date_gmt":"2026-01-20T17:08:23","guid":{"rendered":"https:\/\/trade-avalonbroker.com.br\/blog\/?page_id=66"},"modified":"2026-01-20T21:26:02","modified_gmt":"2026-01-20T21:26:02","slug":"blog","status":"publish","type":"page","link":"https:\/\/trade-avalonbroker.com.br\/blog\/","title":{"rendered":"Blog Avalon Broker"},"content":{"rendered":"\t\t<div data-elementor-type=\"wp-page\" data-elementor-id=\"66\" class=\"elementor elementor-66\" data-elementor-post-type=\"page\">\n\t\t\t\t\t\t<section class=\"elementor-section elementor-top-section elementor-element elementor-element-286b6a69 elementor-section-boxed elementor-section-height-default elementor-section-height-default\" data-id=\"286b6a69\" data-element_type=\"section\" data-e-type=\"section\" data-settings=\"{&quot;background_background&quot;:&quot;classic&quot;}\">\n\t\t\t\t\t\t<div class=\"elementor-container elementor-column-gap-default\">\n\t\t\t\t\t<div class=\"elementor-column elementor-col-100 elementor-top-column elementor-element elementor-element-10d87ec\" data-id=\"10d87ec\" data-element_type=\"column\" data-e-type=\"column\">\n\t\t\t<div class=\"elementor-widget-wrap elementor-element-populated\">\n\t\t\t\t\t\t<div class=\"elementor-element elementor-element-644e1b8 elementor-widget elementor-widget-heading\" data-id=\"644e1b8\" data-element_type=\"widget\" data-e-type=\"widget\" data-widget_type=\"heading.default\">\n\t\t\t\t\t<h1 class=\"elementor-heading-title elementor-size-default\">Blog Avalon Broker<\/h1>\t\t\t\t<\/div>\n\t\t\t\t<div class=\"elementor-element elementor-element-1952bd69 elementor-widget elementor-widget-heading\" data-id=\"1952bd69\" data-element_type=\"widget\" data-e-type=\"widget\" data-widget_type=\"heading.default\">\n\t\t\t\t\t<h1 class=\"elementor-heading-title elementor-size-default\">Acompanhe nossos artigos<\/h1>\t\t\t\t<\/div>\n\t\t\t\t<div class=\"elementor-element elementor-element-ee57453 elementor-search-form--skin-minimal elementor-widget elementor-widget-search-form\" data-id=\"ee57453\" data-element_type=\"widget\" data-e-type=\"widget\" data-settings=\"{&quot;skin&quot;:&quot;minimal&quot;}\" data-widget_type=\"search-form.default\">\n\t\t\t\t\t\t\t<search role=\"search\">\n\t\t\t<form class=\"elementor-search-form\" action=\"https:\/\/trade-avalonbroker.com.br\/blog\" method=\"get\">\n\t\t\t\t\t\t\t\t\t\t\t\t<div class=\"elementor-search-form__container\">\n\t\t\t\t\t<label class=\"elementor-screen-only\" for=\"elementor-search-form-ee57453\">Pesquisar<\/label>\n\n\t\t\t\t\t\t\t\t\t\t\t<div class=\"elementor-search-form__icon\">\n\t\t\t\t\t\t\t<div class=\"e-font-icon-svg-container\"><svg aria-hidden=\"true\" class=\"e-font-icon-svg e-fas-search\" viewBox=\"0 0 512 512\" xmlns=\"http:\/\/www.w3.org\/2000\/svg\"><path d=\"M505 442.7L405.3 343c-4.5-4.5-10.6-7-17-7H372c27.6-35.3 44-79.7 44-128C416 93.1 322.9 0 208 0S0 93.1 0 208s93.1 208 208 208c48.3 0 92.7-16.4 128-44v16.3c0 6.4 2.5 12.5 7 17l99.7 99.7c9.4 9.4 24.6 9.4 33.9 0l28.3-28.3c9.4-9.4 9.4-24.6.1-34zM208 336c-70.7 0-128-57.2-128-128 0-70.7 57.2-128 128-128 70.7 0 128 57.2 128 128 0 70.7-57.2 128-128 128z\"><\/path><\/svg><\/div>\t\t\t\t\t\t\t<span class=\"elementor-screen-only\">Pesquisar<\/span>\n\t\t\t\t\t\t<\/div>\n\t\t\t\t\t\n\t\t\t\t\t<input id=\"elementor-search-form-ee57453\" placeholder=\"Pesquisar...\" class=\"elementor-search-form__input\" type=\"search\" name=\"s\" value=\"\">\n\t\t\t\t\t\n\t\t\t\t\t\n\t\t\t\t\t\t\t\t\t<\/div>\n\t\t\t<\/form>\n\t\t<\/search>\n\t\t\t\t\t\t<\/div>\n\t\t\t\t\t<\/div>\n\t\t<\/div>\n\t\t\t\t\t<\/div>\n\t\t<\/section>\n\t\t\t\t<section class=\"elementor-section elementor-top-section elementor-element elementor-element-13aa7125 elementor-section-boxed elementor-section-height-default elementor-section-height-default\" data-id=\"13aa7125\" data-element_type=\"section\" data-e-type=\"section\" data-settings=\"{&quot;background_background&quot;:&quot;classic&quot;}\">\n\t\t\t\t\t\t<div class=\"elementor-container elementor-column-gap-default\">\n\t\t\t\t\t<div class=\"elementor-column elementor-col-100 elementor-top-column elementor-element elementor-element-1895cdbc\" data-id=\"1895cdbc\" data-element_type=\"column\" data-e-type=\"column\">\n\t\t\t<div class=\"elementor-widget-wrap elementor-element-populated\">\n\t\t\t\t\t\t<div class=\"elementor-element elementor-element-7b5a6598 elementor-grid-3 elementor-grid-tablet-2 elementor-grid-mobile-1 elementor-posts--thumbnail-top elementor-card-shadow-yes elementor-posts__hover-gradient elementor-widget elementor-widget-posts\" data-id=\"7b5a6598\" data-element_type=\"widget\" data-e-type=\"widget\" data-settings=\"{&quot;cards_row_gap&quot;:{&quot;unit&quot;:&quot;px&quot;,&quot;size&quot;:25,&quot;sizes&quot;:[]},&quot;pagination_type&quot;:&quot;numbers&quot;,&quot;cards_columns&quot;:&quot;3&quot;,&quot;cards_columns_tablet&quot;:&quot;2&quot;,&quot;cards_columns_mobile&quot;:&quot;1&quot;,&quot;cards_row_gap_tablet&quot;:{&quot;unit&quot;:&quot;px&quot;,&quot;size&quot;:&quot;&quot;,&quot;sizes&quot;:[]},&quot;cards_row_gap_mobile&quot;:{&quot;unit&quot;:&quot;px&quot;,&quot;size&quot;:&quot;&quot;,&quot;sizes&quot;:[]}}\" data-widget_type=\"posts.cards\">\n\t\t\t\t<div class=\"elementor-widget-container\">\n\t\t\t\t\t\t\t<div class=\"elementor-posts-container elementor-posts elementor-posts--skin-cards elementor-grid\" role=\"list\">\n\t\t\t\t<article class=\"elementor-post elementor-grid-item post-102 post type-post status-publish format-standard has-post-thumbnail hentry category-avalon-broker tag-avalon-broker\" role=\"listitem\">\n\t\t\t<div class=\"elementor-post__card\">\n\t\t\t\t<a class=\"elementor-post__thumbnail__link\" href=\"https:\/\/trade-avalonbroker.com.br\/blog\/avalon-broker\/\" tabindex=\"-1\" ><div class=\"elementor-post__thumbnail\"><img fetchpriority=\"high\" decoding=\"async\" width=\"1536\" height=\"1024\" src=\"https:\/\/trade-avalonbroker.com.br\/blog\/wp-content\/uploads\/2026\/01\/avalon-broker-capa-blog-artigo.png\" class=\"attachment-full size-full wp-image-86\" alt=\"Avalon Broker capa blog artigo\" srcset=\"https:\/\/trade-avalonbroker.com.br\/blog\/wp-content\/uploads\/2026\/01\/avalon-broker-capa-blog-artigo.png 1536w, https:\/\/trade-avalonbroker.com.br\/blog\/wp-content\/uploads\/2026\/01\/avalon-broker-capa-blog-artigo-300x200.png 300w, https:\/\/trade-avalonbroker.com.br\/blog\/wp-content\/uploads\/2026\/01\/avalon-broker-capa-blog-artigo-1024x683.png 1024w, https:\/\/trade-avalonbroker.com.br\/blog\/wp-content\/uploads\/2026\/01\/avalon-broker-capa-blog-artigo-768x512.png 768w\" sizes=\"(max-width: 1536px) 100vw, 1536px\" \/><\/div><\/a>\n\t\t\t\t<div class=\"elementor-post__badge\"><a href=\"https:\/\/trade-avalonbroker.com.br\/blog\/avalon-broker\/\">Avalon Broker<\/a><\/div>\n\t\t\t\t<div class=\"elementor-post__text\">\n\t\t\t\t<h3 class=\"elementor-post__title\">\n\t\t\t<a href=\"https:\/\/trade-avalonbroker.com.br\/blog\/avalon-broker\/\" >\n\t\t\t\tAvalon Broker: Trading Online Completo e Seguro\t\t\t<\/a>\n\t\t<\/h3>\n\t\t\t\t<div class=\"elementor-post__excerpt\">\n\t\t\t<p>Neste artigo, voc\u00ea vai conhecer tudo sobre a avalon broker: como funciona, quais s\u00e3o seus principais recursos, para quem \u00e9 indicada, quest\u00f5es de confiabilidade, processo de acesso e muito mais. O objetivo \u00e9 fornecer informa\u00e7\u00f5es completas e transparentes para que voc\u00ea possa avaliar se esta plataforma atende \u00e0s suas necessidades no mercado financeiro.<\/p>\n\t\t<\/div>\n\t\t\n\t\t<a class=\"elementor-post__read-more\" href=\"https:\/\/trade-avalonbroker.com.br\/blog\/avalon-broker\/\" aria-label=\"Leia mais sobre Avalon Broker: Trading Online Completo e Seguro\" tabindex=\"-1\" >\n\t\t\tContinuar lendo \u00bb\t\t<\/a>\n\n\t\t\t\t<\/div>\n\t\t\t\t\t<\/div>\n\t\t<\/article>\n\t\t\t\t<article class=\"elementor-post elementor-grid-item post-74 post type-post status-publish format-standard has-post-thumbnail hentry category-avalon-broker tag-avalon\" role=\"listitem\">\n\t\t\t<div class=\"elementor-post__card\">\n\t\t\t\t<a class=\"elementor-post__thumbnail__link\" href=\"https:\/\/trade-avalonbroker.com.br\/blog\/avalon\/\" tabindex=\"-1\" ><div class=\"elementor-post__thumbnail\"><img fetchpriority=\"high\" decoding=\"async\" width=\"1536\" height=\"1024\" src=\"https:\/\/trade-avalonbroker.com.br\/blog\/wp-content\/uploads\/2026\/01\/avalon-broker-capa-blog-artigo.png\" class=\"attachment-full size-full wp-image-86\" alt=\"Avalon Broker capa blog artigo\" srcset=\"https:\/\/trade-avalonbroker.com.br\/blog\/wp-content\/uploads\/2026\/01\/avalon-broker-capa-blog-artigo.png 1536w, https:\/\/trade-avalonbroker.com.br\/blog\/wp-content\/uploads\/2026\/01\/avalon-broker-capa-blog-artigo-300x200.png 300w, https:\/\/trade-avalonbroker.com.br\/blog\/wp-content\/uploads\/2026\/01\/avalon-broker-capa-blog-artigo-1024x683.png 1024w, https:\/\/trade-avalonbroker.com.br\/blog\/wp-content\/uploads\/2026\/01\/avalon-broker-capa-blog-artigo-768x512.png 768w\" sizes=\"(max-width: 1536px) 100vw, 1536px\" \/><\/div><\/a>\n\t\t\t\t<div class=\"elementor-post__badge\">Avalon Broker<\/div>\n\t\t\t\t<div class=\"elementor-post__text\">\n\t\t\t\t<h3 class=\"elementor-post__title\">\n\t\t\t<a href=\"https:\/\/trade-avalonbroker.com.br\/blog\/avalon\/\" >\n\t\t\t\tAvalon Broker: Corretora para Traders Iniciantes e Experientes\t\t\t<\/a>\n\t\t<\/h3>\n\t\t\t\t<div class=\"elementor-post__excerpt\">\n\t\t\t<p>A Avalon \u00e9 uma plataforma de negocia\u00e7\u00e3o online que vem se destacando no mercado brasileiro por oferecer um ambiente integrado para opera\u00e7\u00f5es com diversos ativos financeiros. Desenvolvida com foco em tecnologia, usabilidade e acessibilidade, a plataforma atende desde investidores iniciantes at\u00e9 traders experientes que buscam ferramentas avan\u00e7adas para suas estrat\u00e9gias.<\/p>\n\t\t<\/div>\n\t\t\n\t\t<a class=\"elementor-post__read-more\" href=\"https:\/\/trade-avalonbroker.com.br\/blog\/avalon\/\" aria-label=\"Leia mais sobre Avalon Broker: Corretora para Traders Iniciantes e Experientes\" tabindex=\"-1\" >\n\t\t\tContinuar lendo \u00bb\t\t<\/a>\n\n\t\t\t\t<\/div>\n\t\t\t\t\t<\/div>\n\t\t<\/article>\n\t\t\t\t<\/div>\n\t\t\n\t\t\t\t\t\t<\/div>\n\t\t\t\t<\/div>\n\t\t\t\t\t<\/div>\n\t\t<\/div>\n\t\t\t\t\t<\/div>\n\t\t<\/section>\n\t\t\t\t<\/div>\n\t\t","protected":false},"excerpt":{"rendered":"<p>Blog Avalon Broker Acompanhe nossos artigos<\/p>\n","protected":false},"author":1,"featured_media":0,"parent":0,"menu_order":0,"comment_status":"closed","ping_status":"closed","template":"elementor_canvas","meta":{"site-sidebar-layout":"no-sidebar","site-content-layout":"","ast-site-content-layout":"full-width-container","site-content-style":"default","site-sidebar-style":"default","ast-global-header-display":"","ast-banner-title-visibility":"","ast-main-header-display":"","ast-hfb-above-header-display":"","ast-hfb-below-header-display":"","ast-hfb-mobile-header-display":"","site-post-title":"","ast-breadcrumbs-content":"","ast-featured-img":"disabled","footer-sml-layout":"","ast-disable-related-posts":"","theme-transparent-header-meta":"","adv-header-id-meta":"","stick-header-meta":"","header-above-stick-meta":"","header-main-stick-meta":"","header-below-stick-meta":"","astra-migrate-meta-layouts":"default","ast-page-background-enabled":"default","ast-page-background-meta":{"desktop":{"background-color":"var(--ast-global-color-5)","background-image":"","background-repeat":"repeat","background-position":"center center","background-size":"auto","background-attachment":"scroll","background-type":"","background-media":"","overlay-type":"","overlay-color":"","overlay-opacity":"","overlay-gradient":""},"tablet":{"background-color":"","background-image":"","background-repeat":"repeat","background-position":"center center","background-size":"auto","background-attachment":"scroll","background-type":"","background-media":"","overlay-type":"","overlay-color":"","overlay-opacity":"","overlay-gradient":""},"mobile":{"background-color":"","background-image":"","background-repeat":"repeat","background-position":"center center","background-size":"auto","background-attachment":"scroll","background-type":"","background-media":"","overlay-type":"","overlay-color":"","overlay-opacity":"","overlay-gradient":""}},"ast-content-background-meta":{"desktop":{"background-color":"var(--ast-global-color-4)","background-image":"","background-repeat":"repeat","background-position":"center center","background-size":"auto","background-attachment":"scroll","background-type":"","background-media":"","overlay-type":"","overlay-color":"","overlay-opacity":"","overlay-gradient":""},"tablet":{"background-color":"var(--ast-global-color-4)","background-image":"","background-repeat":"repeat","background-position":"center center","background-size":"auto","background-attachment":"scroll","background-type":"","background-media":"","overlay-type":"","overlay-color":"","overlay-opacity":"","overlay-gradient":""},"mobile":{"background-color":"var(--ast-global-color-4)","background-image":"","background-repeat":"repeat","background-position":"center center","background-size":"auto","background-attachment":"scroll","background-type":"","background-media":"","overlay-type":"","overlay-color":"","overlay-opacity":"","overlay-gradient":""}},"footnotes":""},"class_list":["post-66","page","type-page","status-publish","hentry"],"yoast_head":"<!-- This site is optimized with the Yoast SEO Premium plugin v26.6 (Yoast SEO v27.2) - https:\/\/yoast.com\/product\/yoast-seo-premium-wordpress\/ -->\n<title>Blog Avalon Broker - Avalon Trader Broker - Corretora - Blog<\/title>\n<meta name=\"robots\" content=\"index, follow, max-snippet:-1, max-image-preview:large, max-video-preview:-1\" \/>\n<link rel=\"canonical\" href=\"https:\/\/trade-avalonbroker.com.br\/blog\/\" \/>\n<meta property=\"og:locale\" content=\"pt_BR\" \/>\n<meta property=\"og:type\" content=\"article\" \/>\n<meta property=\"og:title\" content=\"Blog Avalon Broker\" \/>\n<meta property=\"og:description\" content=\"Blog Avalon Broker Acompanhe nossos artigos\" \/>\n<meta property=\"og:url\" content=\"https:\/\/trade-avalonbroker.com.br\/blog\/\" \/>\n<meta property=\"og:site_name\" content=\"Avalon Trader Broker - Corretora - Blog\" \/>\n<meta property=\"article:modified_time\" content=\"2026-01-20T21:26:02+00:00\" \/>\n<meta name=\"twitter:card\" content=\"summary_large_image\" \/>\n<meta name=\"twitter:label1\" content=\"Est. tempo de leitura\" \/>\n\t<meta name=\"twitter:data1\" content=\"1 minuto\" \/>\n<script type=\"application\/ld+json\" class=\"yoast-schema-graph\">{\"@context\":\"https:\/\/schema.org\",\"@graph\":[{\"@type\":\"WebPage\",\"@id\":\"https:\/\/trade-avalonbroker.com.br\/blog\/\",\"url\":\"https:\/\/trade-avalonbroker.com.br\/blog\/\",\"name\":\"Blog Avalon Broker - Avalon Trader Broker - Corretora - Blog\",\"isPartOf\":{\"@id\":\"https:\/\/trade-avalonbroker.com.br\/blog\/#website\"},\"datePublished\":\"2026-01-20T17:08:23+00:00\",\"dateModified\":\"2026-01-20T21:26:02+00:00\",\"breadcrumb\":{\"@id\":\"https:\/\/trade-avalonbroker.com.br\/blog\/#breadcrumb\"},\"inLanguage\":\"pt-BR\",\"potentialAction\":[{\"@type\":\"ReadAction\",\"target\":[\"https:\/\/trade-avalonbroker.com.br\/blog\/\"]}]},{\"@type\":\"BreadcrumbList\",\"@id\":\"https:\/\/trade-avalonbroker.com.br\/blog\/#breadcrumb\",\"itemListElement\":[{\"@type\":\"ListItem\",\"position\":1,\"name\":\"In\u00edcio\",\"item\":\"https:\/\/trade-avalonbroker.com.br\/blog\/\"},{\"@type\":\"ListItem\",\"position\":2,\"name\":\"Blog Avalon Broker\"}]},{\"@type\":\"WebSite\",\"@id\":\"https:\/\/trade-avalonbroker.com.br\/blog\/#website\",\"url\":\"https:\/\/trade-avalonbroker.com.br\/blog\/\",\"name\":\"Avalon Trader Broker - Corretora - Blog Oficial\",\"description\":\"Avalon Trader Broker -  Corretora - Uma s\u00f3 corretora, in\u00fameras oportunidades Comece a investir em criptomoedas, a\u00e7\u00f5es internacionais, forex e mais de 200 ativos, de forma simples.\",\"publisher\":{\"@id\":\"https:\/\/trade-avalonbroker.com.br\/blog\/#organization\"},\"potentialAction\":[{\"@type\":\"SearchAction\",\"target\":{\"@type\":\"EntryPoint\",\"urlTemplate\":\"https:\/\/trade-avalonbroker.com.br\/blog\/?s={search_term_string}\"},\"query-input\":{\"@type\":\"PropertyValueSpecification\",\"valueRequired\":true,\"valueName\":\"search_term_string\"}}],\"inLanguage\":\"pt-BR\"},{\"@type\":\"Organization\",\"@id\":\"https:\/\/trade-avalonbroker.com.br\/blog\/#organization\",\"name\":\"Avalon\",\"url\":\"https:\/\/trade-avalonbroker.com.br\/blog\/\",\"logo\":{\"@type\":\"ImageObject\",\"inLanguage\":\"pt-BR\",\"@id\":\"https:\/\/trade-avalonbroker.com.br\/blog\/#\/schema\/logo\/image\/\",\"url\":\"https:\/\/trade-avalonbroker.com.br\/blog\/wp-content\/uploads\/2026\/01\/favicon-avalon-broker.png\",\"contentUrl\":\"https:\/\/trade-avalonbroker.com.br\/blog\/wp-content\/uploads\/2026\/01\/favicon-avalon-broker.png\",\"width\":512,\"height\":512,\"caption\":\"Avalon\"},\"image\":{\"@id\":\"https:\/\/trade-avalonbroker.com.br\/blog\/#\/schema\/logo\/image\/\"}}]}<\/script>\n<!-- \/ Yoast SEO Premium plugin. -->","yoast_head_json":{"title":"Blog Avalon Broker - Avalon Trader Broker - Corretora - Blog","robots":{"index":"index","follow":"follow","max-snippet":"max-snippet:-1","max-image-preview":"max-image-preview:large","max-video-preview":"max-video-preview:-1"},"canonical":"https:\/\/trade-avalonbroker.com.br\/blog\/","og_locale":"pt_BR","og_type":"article","og_title":"Blog Avalon Broker","og_description":"Blog Avalon Broker Acompanhe nossos artigos","og_url":"https:\/\/trade-avalonbroker.com.br\/blog\/","og_site_name":"Avalon Trader Broker - Corretora - Blog","article_modified_time":"2026-01-20T21:26:02+00:00","twitter_card":"summary_large_image","twitter_misc":{"Est. tempo de leitura":"1 minuto"},"schema":{"@context":"https:\/\/schema.org","@graph":[{"@type":"WebPage","@id":"https:\/\/trade-avalonbroker.com.br\/blog\/","url":"https:\/\/trade-avalonbroker.com.br\/blog\/","name":"Blog Avalon Broker - Avalon Trader Broker - Corretora - Blog","isPartOf":{"@id":"https:\/\/trade-avalonbroker.com.br\/blog\/#website"},"datePublished":"2026-01-20T17:08:23+00:00","dateModified":"2026-01-20T21:26:02+00:00","breadcrumb":{"@id":"https:\/\/trade-avalonbroker.com.br\/blog\/#breadcrumb"},"inLanguage":"pt-BR","potentialAction":[{"@type":"ReadAction","target":["https:\/\/trade-avalonbroker.com.br\/blog\/"]}]},{"@type":"BreadcrumbList","@id":"https:\/\/trade-avalonbroker.com.br\/blog\/#breadcrumb","itemListElement":[{"@type":"ListItem","position":1,"name":"In\u00edcio","item":"https:\/\/trade-avalonbroker.com.br\/blog\/"},{"@type":"ListItem","position":2,"name":"Blog Avalon Broker"}]},{"@type":"WebSite","@id":"https:\/\/trade-avalonbroker.com.br\/blog\/#website","url":"https:\/\/trade-avalonbroker.com.br\/blog\/","name":"Avalon Trader Broker - Corretora - Blog Oficial","description":"Avalon Trader Broker -  Corretora - Uma s\u00f3 corretora, in\u00fameras oportunidades Comece a investir em criptomoedas, a\u00e7\u00f5es internacionais, forex e mais de 200 ativos, de forma simples.","publisher":{"@id":"https:\/\/trade-avalonbroker.com.br\/blog\/#organization"},"potentialAction":[{"@type":"SearchAction","target":{"@type":"EntryPoint","urlTemplate":"https:\/\/trade-avalonbroker.com.br\/blog\/?s={search_term_string}"},"query-input":{"@type":"PropertyValueSpecification","valueRequired":true,"valueName":"search_term_string"}}],"inLanguage":"pt-BR"},{"@type":"Organization","@id":"https:\/\/trade-avalonbroker.com.br\/blog\/#organization","name":"Avalon","url":"https:\/\/trade-avalonbroker.com.br\/blog\/","logo":{"@type":"ImageObject","inLanguage":"pt-BR","@id":"https:\/\/trade-avalonbroker.com.br\/blog\/#\/schema\/logo\/image\/","url":"https:\/\/trade-avalonbroker.com.br\/blog\/wp-content\/uploads\/2026\/01\/favicon-avalon-broker.png","contentUrl":"https:\/\/trade-avalonbroker.com.br\/blog\/wp-content\/uploads\/2026\/01\/favicon-avalon-broker.png","width":512,"height":512,"caption":"Avalon"},"image":{"@id":"https:\/\/trade-avalonbroker.com.br\/blog\/#\/schema\/logo\/image\/"}}]}},"_links":{"self":[{"href":"https:\/\/trade-avalonbroker.com.br\/blog\/wp-json\/wp\/v2\/pages\/66","targetHints":{"allow":["GET"]}}],"collection":[{"href":"https:\/\/trade-avalonbroker.com.br\/blog\/wp-json\/wp\/v2\/pages"}],"about":[{"href":"https:\/\/trade-avalonbroker.com.br\/blog\/wp-json\/wp\/v2\/types\/page"}],"author":[{"embeddable":true,"href":"https:\/\/trade-avalonbroker.com.br\/blog\/wp-json\/wp\/v2\/users\/1"}],"replies":[{"embeddable":true,"href":"https:\/\/trade-avalonbroker.com.br\/blog\/wp-json\/wp\/v2\/comments?post=66"}],"version-history":[{"count":10,"href":"https:\/\/trade-avalonbroker.com.br\/blog\/wp-json\/wp\/v2\/pages\/66\/revisions"}],"predecessor-version":[{"id":98,"href":"https:\/\/trade-avalonbroker.com.br\/blog\/wp-json\/wp\/v2\/pages\/66\/revisions\/98"}],"wp:attachment":[{"href":"https:\/\/trade-avalonbroker.com.br\/blog\/wp-json\/wp\/v2\/media?parent=66"}],"curies":[{"name":"wp","href":"https:\/\/api.w.org\/{rel}","templated":true}]}}